{"id":2,"date":"2019-01-31T13:26:20","date_gmt":"2019-01-31T12:26:20","guid":{"rendered":"https:\/\/migros.ba\/?page_id=2"},"modified":"2023-06-06T01:04:10","modified_gmt":"2023-06-05T23:04:10","slug":"oprema-za-civilnu-zastitu","status":"publish","type":"page","link":"https:\/\/migros.ba\/?page_id=2","title":{"rendered":"Oprema za civilnu za\u0161titu"},"content":{"rendered":"\r\n<figure class=\"wp-block-embed-youtube wp-block-embed is-type-video is-provider-youtube wp-embed-aspect-4-3 wp-has-aspect-ratio\">\r\n<div>Dodatne informacije pogledajte u podmeniju:<\/div>\r\n<div>&#8211; \u0160atori<\/div>\r\n<div>&#8211; Usko\u010dni jastuci<\/div>\r\n<div>&#8211; \u010camci za spa\u0161avanje<\/div>\r\n<div>&#8211; Pumpe za odbranu od poplava<\/div>\r\n<div>&#8211; Barijere za odbranu od poplava<\/div>\r\n<div>&#8211; Sistemi za punjenje vre\u0107a sa pijeskom<\/div>\r\n<\/figure>\r\n<figure class=\"wp-block-embed-youtube wp-block-embed is-type-video is-provider-youtube wp-embed-aspect-4-3 wp-has-aspect-ratio\">\r\n<div>\u00a0<\/div>\r\n<div>\u00a0<\/div>\r\n<div>\u00a0<\/div>\r\n<div class=\"wp-block-embed__wrapper\">https:\/\/www.youtube.com\/watch?v=oldATiyAGDo<\/div>\r\n<\/figure>\r\n","protected":false},"excerpt":{"rendered":"Dodatne informacije pogledajte u podmeniju: - \u0160atori - Usko\u010dni jastuci - \u010camci za spa\u0161avanje - Pumpe za odbranu od poplava - Barijere za odbranu od poplava - Sistemi za punjenje vre\u0107a sa pijeskom \u00a0 \u00a0 \u00a0 https:\/\/www.youtube.com\/watch?v=oldATiyAGDo","protected":false},"author":1,"featured_media":0,"parent":0,"menu_order":0,"comment_status":"closed","ping_status":"open","template":"","meta":{"footnotes":""},"_links":{"self":[{"href":"https:\/\/migros.ba\/index.php?rest_route=\/wp\/v2\/pages\/2"}],"collection":[{"href":"https:\/\/migros.ba\/index.php?rest_route=\/wp\/v2\/pages"}],"about":[{"href":"https:\/\/migros.ba\/index.php?rest_route=\/wp\/v2\/types\/page"}],"author":[{"embeddable":true,"href":"https:\/\/migros.ba\/index.php?rest_route=\/wp\/v2\/users\/1"}],"replies":[{"embeddable":true,"href":"https:\/\/migros.ba\/index.php?rest_route=%2Fwp%2Fv2%2Fcomments&post=2"}],"version-history":[{"count":1,"href":"https:\/\/migros.ba\/index.php?rest_route=\/wp\/v2\/pages\/2\/revisions"}],"predecessor-version":[{"id":1192,"href":"https:\/\/migros.ba\/index.php?rest_route=\/wp\/v2\/pages\/2\/revisions\/1192"}],"wp:attachment":[{"href":"https:\/\/migros.ba\/index.php?rest_route=%2Fwp%2Fv2%2Fmedia&parent=2"}],"curies":[{"name":"wp","href":"https:\/\/api.w.org\/{rel}","templated":true}]}}